946?
True
Does 18 divide 1253700?
True
Is 2 a factor of 30138?
True
Is 35 a factor of 650230?
True
Is 263137 a multiple of 9?
False
Is 55 a factor of 3410?
True
Is 1325694 a multiple of 34?
True
Is 2279500 a multiple of 47?
True
Is 245 a factor of 1035370?
True
Is 7946444 a multiple of 577?
True
Is 2484181 a multiple of 6?
False
Is 120 a factor of 274162?
False
Is 9543835 a multiple of 75?
False
Is 19887 a multiple of 265?
False
Does 713 divide 8325701?
True
Does 469 divide 6323996?
True
Is 12444 a multiple of 8?
False
Is 1637861 a multiple of 257?
True
Is 4 a factor of 147557?
False
Does 21 divide 1572014?
False
Is 11 a factor of 10494235?
False
Does 224 divide 1081024?
True
Is 1694151 a multiple of 221?
False
Is 251743 a multiple of 41?
False
Does 40 divide 34520?
True
Is 157 a factor of 333576?
False
Is 199566 a multiple of 18?
True
Is 29950470 a multiple of 10?
True
Does 12 divide 44794?
False
Is 11 a factor of 82698?
True
Is 4070425 a multiple of 25?
True
Is 9 a factor of 23149?
False
Does 7 divide 109844?
True
Is 24390244 a multiple of 164?
True
Is 4941153 a multiple of 749?
True
Is 10530942 a multiple of 83?
False
Is 2411714 a multiple of 14?
False
Does 97 divide 5280008?
False
Does 47 divide 471128?
True
Does 37 divide 2067028?
False
Is 58 a factor of 33118?
True
Does 70 divide 8501?
False
Is 5882870 a multiple of 62?
True
Does 10 divide 2274390?
True
Is 62764 a multiple of 17?
True
Is 3095891 a multiple of 117?
False
Does 282 divide 60912?
True
Does 389 divide 131482?
True
Does 216 divide 1272672?
True
Is 8862516 a multiple of 68?
False
Does 17 divide 104295?
True
Does 184 divide 675511?
False
Is 214176 a multiple of 388?
True
Does 13 divide 3451929?
True
Is 1080065 a multiple of 8?
False
Does 4 divide 40314?
False
Is 76 a factor of 66085?
False
Does 260 divide 2531880?
True
Is 2681784 a multiple of 204?
True
Is 506475 a multiple of 25?
True
Is 310 a factor of 6140480?
True
Does 53 divide 15511601?
False
Does 16 divide 282368?
True
Is 433 a factor of 1488221?
True
Is 113640 a multiple of 118?
False
Is 10355 a multiple of 109?
True
Is 123 a factor of 304695?
False
Is 11 a factor of 4399571?
True
Is 552 a factor of 650256?
True
Is 224172 a multiple of 468?
True
Does 42 divide 3658284?
True
Is 253980 a multiple of 166?
True
Does 27 divide 1596847?
False
Is 1262450 a multiple of 70?
True
Is 522 a factor of 7074144?
True
Is 12 a factor of 32632?
False
Is 875197 a multiple of 631?
True
Is 847 a factor of 343882?
True
Does 437 divide 33722?
False
Is 36920 even?
True
Is 41 a factor of 6250696?
True
Is 8 a factor of 158423?
False
Is 330 a factor of 800250?
True
Is 569123 a multiple of 403?
False
Does 30 divide 2168754?
False
Does 308 divide 7498876?
True
Is 3162733 a multiple of 917?
True
Is 213702 a multiple of 486?
False
Is 30 a factor of 23485?
False
Is 56 a factor of 18592?
True
Does 89 divide 4290067?
True
Is 46 a factor of 243616?
True
Is 1663095 a multiple of 235?
True
Does 339 divide 2306217?
True
Does 72 divide 4483224?
True
Is 727744 a multiple of 83?
True
Is 31 a factor of 6763249?
False
Is 286437 a multiple of 58?
False
Does 42 divide 12007754?
False
Is 209916 a multiple of 476?
True
Is 11 a factor of 12759284?
False
Is 41 a factor of 774777?
True
Is 7 a factor of 230214?
False
Is 37956 a multiple of 3?
True
Is 2553694 a multiple of 26?
True
Is 63019 a multiple of 11?
True
Does 50 divide 743310?
False
Is 97 a factor of 9315007?
True
Is 343 a factor of 748436?
False
Does 18 divide 2081388?
False
Is 130 a factor of 585000?
True
Is 664 a factor of 3444168?
True
Is 1445701 a multiple of 953?
True
Is 23 a factor of 50651?
False
Is 63 a factor of 6165873?
True
Does 230 divide 1654021?
False
Does 963 divide 7517178?
True
Is 30311 a multiple of 28?
False
Is 197971 a multiple of 388?
False
Does 20 divide 1157407?
False
Is 167883 a multiple of 98?
False
Does 360 divide 1046160?
True
Is 11 a factor of 1393721?
False
Is 247 a factor of 91390?
True
Does 112 divide 600123?
False
Is 20 a factor of 15700154?
False
Is 141 a factor of 421308?
True
Does 538 divide 405114?
True
Does 10 divide 159510?
True
Does 3 divide 49237?
False
Is 9 a factor of 5036?
False
Does 11 divide 335689?
False
Is 19 a factor of 306727?
False
Is 13 a factor of 3608813?
True
Is 55 a factor of 721593?
False
Is 1664140 a multiple of 68?
False
Does 222 divide 2167386?
True
Does 398 divide 327952?
True
Is 8534763 a multiple of 13?
False
Is 659933 a multiple of 456?
False
Is 24 a factor of 10213?
False
Is 1087548 a multiple of 33?
True
Does 67 divide 1069904?
False
Is 47179 a multiple of 11?
True
Is 155 a factor of 104780?
True
Does 8 divide 2636160?
True
Is 79 a factor of 461334?
False
Is 3 a factor of 617645?
False
Does 6 divide 539939?
False
Is 50 a factor of 16100?
True
Does 254 divide 491222?
False
Is 1341028 a multiple of 481?
True
Is 267 a factor of 854499?
False
Does 4 divide 1868953?
False
Is 2980570 a multiple of 230?
True
Does 177 divide 460377?
True
Is 92 a factor of 303626?
False
Is 47 a factor of 331350?
True
Is 24 a factor of 14178801?
False
Does 232 divide 15458?
False
Is 91950 a multiple of 25?
True
Does 253 divide 4091516?
True
Does 27 divide 2248629?
False
Is 129993 a multiple of 437?
False
Does 493 divide 6014828?
False
Is 118500 a multiple of 250?
True
Is 16660 a multiple of 5?
True
Does 112 divide 282912?
True
Is 17 a factor of 318087?
True
Does 441 divide 445086?
False
Is 45 a factor of 2977830?
True
Is 2709 a multiple of 7?
True
Is 19 a factor of 50411?
False
Is 2322 a multiple of 43?
True
Is 39 a factor of 1807193?
False
Is 732124 a multiple of 119?
False
Does 374 divide 973733?
False
Does 240 divide 7193520?
True
Is 2967579 a multiple of 1283?
True
Is 83 a factor of 1332150?
True
Is 954 a factor of 1040560?
False
Does 70 divide 593040?
True
Does 768 divide 4284781?
False
Does 13 divide 664417?
True
Is 17 a factor of 1895347?
True
Is 7236818 a multiple of 10?
False
Does 141 divide 3977450?
False
Does 38 divide 993472?
True
Does 18 divide 213301?
False
Is 71672 a multiple of 31?
True
Is 7000560 a multiple of 168?
True
Does 3 divide 2450906?
False
Is 675 a factor of 17513550?
True
Is 18 a factor of 368532?
True
Does 9 divide 2297259?
True
Is 50844 a multiple of 12?
True
Does 22 divide 1126165?
False
Is 4 a factor of 101896?
True
Is 2 a factor of 100097?
False
Is 117 a factor of 6184152?
True
Is 115880 a multiple of 100?
False
Does 4 divide 4182248?
True
Does 231 divide 51582?
False
Is 1716004 a multiple of 35?
False
Does 178 divide 275010?
True
Is 3381 a multiple of 50?
False
Is 6349203 a multiple of 31?
True
Does 72 divide 1350532?
False
Is 465948 a multiple of 301?
True
Is 20367707 a multiple of 3018?
False
Is 11 a factor of 7579?
True
Does 13 divide 628519?
False
Does 45 divide 1662666?
False
Does 75 divide 326448?
False
Is 1095935 a multiple of 224?
False
Is 897765 a multiple of 608?
False
Does 12 divide 270888?
True
Is 188416 a multiple of 256?
True
Is 133245 a multiple of 105?
True
Does 4 divide 449771?
False
Is 14 a factor of 408968?
True
Is 13330171 a multiple of 160?
False
Is 622264 a multiple of 679?
False
Is 405 a factor of 268891?
False
Does 257 divide 2219994?
False
Does 21 divide 65903?
False
Is 9493008 a multiple of 24?
True
Does 64 divide 20418880?
True
Does 17 divide 5430514?
True
Is 218 a factor of 483888?
False
Is 615786 a multiple of 58?
True
Is 2520416 a multiple of 18?
False
Is 2034841 a multiple of 248?
False
Does 132 divide 584628?
True
Is 5780 even?
True
Is 1106 a factor of 10024225?
False
Is 5 a factor of 101031?
False
Is 1058 a factor of 6210290?
False
Is 21794 a multiple of 5?
False
Is 15 a factor of 2654469?
False
Does 12 divide 124394?
False
Is 2420168 a multiple of 8?
True
Is 144 a factor of 39977?
False
Does 344 divide 513815?
False
Is 79 a factor of 23068?
True
Is 508832 a multiple of 231?
False
Is 40 a factor of 97908?
False
Is 9 a factor of 645368?
False
Does 14 divide 229887?
False
Is 37152 even?
True
Is 639006 a multiple of 25?
False
Does 114 divide 1557989?
False
Does 53 divide 1381288?
False
Does 74 divide 19078447?
False
Is 12 a factor of 294616?
False
Is 8 a factor of 399935?
False
Does 26 divide 15626?
True
Does 140 divide 1324400?
True
Is 136 a factor of 388071?
False
Does 146 divide 362810?
True
Is 398 a fact